{"id":115,"date":"2017-08-18T10:15:12","date_gmt":"2017-08-18T08:15:12","guid":{"rendered":"http:\/\/bridge93.qodeinteractive.com\/?page_id=115"},"modified":"2025-06-27T15:22:45","modified_gmt":"2025-06-27T14:22:45","slug":"contacto","status":"publish","type":"page","link":"https:\/\/www.grupocomarea.com\/marina\/contacto\/","title":{"rendered":"Contacto"},"content":{"rendered":"<div class=\"wpb-content-wrapper\"><p>[vc_row row_type=\u00bbparallax\u00bb parallax_content_width=\u00bbin_grid\u00bb text_align=\u00bbcenter\u00bb full_screen_section_height=\u00bbno\u00bb background_image=\u00bb602&#8243; section_height=\u00bb568&#8243;][vc_column][qode_elements_holder number_of_columns=\u00bbone_column\u00bb][qode_elements_holder_item advanced_animations=\u00bbno\u00bb item_padding=\u00bb20% 0&#8243;][vc_column_text]<\/p>\n<h1><span style=\"color: #ffffff;\">Contacto<\/span><\/h1>\n<p>[\/vc_column_text][\/qode_elements_holder_item][\/qode_elements_holder][\/vc_column][\/vc_row][vc_row css_animation=\u00bb\u00bb row_type=\u00bbrow\u00bb use_row_as_full_screen_section=\u00bbno\u00bb type=\u00bbgrid\u00bb angled_section=\u00bbno\u00bb text_align=\u00bbleft\u00bb background_image_as_pattern=\u00bbwithout_pattern\u00bb css=\u00bb.vc_custom_1539875206871{padding-top: 50px !important;padding-bottom: 46px !important;}\u00bb z_index=\u00bb\u00bb][vc_column css=\u00bb.vc_custom_1503052967812{padding-right: 3% !important;}\u00bb offset=\u00bbvc_col-lg-8 vc_col-md-8&#8243;][vc_empty_space height=\u00bb4px\u00bb][vc_gmaps link=\u00bb#E-8_JTNDaWZyYW1lJTIwc3JjJTNEJTIyaHR0cHMlM0ElMkYlMkZ3d3cuZ29vZ2xlLmNvbSUyRm1hcHMlMkZlbWJlZCUzRnBiJTNEJTIxMW0xOCUyMTFtMTIlMjExbTMlMjExZDI5MDAuMzYxNzcxOTI0NDM1MyUyMTJkLTguMzg5NTEzNTg0MDkzMzE1JTIxM2Q0My4zNjk0NTkwNzkxMzIwOSUyMTJtMyUyMTFmMCUyMTJmMCUyMTNmMCUyMTNtMiUyMTFpMTAyNCUyMTJpNzY4JTIxNGYxMy4xJTIxM20zJTIxMW0yJTIxMXMweGQyZTdiODJmNmM4YzgzMyUyNTNBMHg5MzUyMzViYzIwZTg5YjMxJTIxMnNDT01BUkVBJTJCbWFyaW5hJTIxNWUwJTIxM20yJTIxMXNlcyUyMTJzZXMlMjE0djE1Mzk4MTg1OTI3ODQlMjIlMjB3aWR0aCUzRCUyMjYwMCUyMiUyMGhlaWdodCUzRCUyMjQyNCUyMiUyMGZyYW1lYm9yZGVyJTNEJTIyMCUyMiUyMHN0eWxlJTNEJTIyYm9yZGVyJTNBMCUyMiUyMGFsbG93ZnVsbHNjcmVlbiUzRSUzQyUyRmlmcmFtZSUzRQ==\u00bb][vc_empty_space height=\u00bb57px\u00bb][\/vc_column][vc_column offset=\u00bbvc_col-lg-4 vc_col-md-4&#8243;][vc_column_text]<\/p>\n<h3>Comarea Marina<\/h3>\n<p>[\/vc_column_text][vc_empty_space height=\u00bb27px\u00bb][vc_column_text]Utilice las siguientes v\u00edas de contacto para ponerse en contacto con nosotros.<\/p>\n<p><strong>Si desea realizar una reserva, por favor, h\u00e1gala por telefono. <\/strong><\/p>\n<p><strong>No se acepatar\u00e1n reservas realizadas a trav\u00e9s del correo electr\u00f3nico. <\/strong><\/p>\n<p>Gracias[\/vc_column_text][vc_empty_space height=\u00bb44px\u00bb]<div class='q_icon_with_title tiny custom_icon_image left_from_title '><div class=\"icon_text_holder\" style=\"\"><div class=\"icon_text_inner\" style=\"\"><div class=\"icon_title_holder\"><div class=\"icon_holder \" style=\" \"><img decoding=\"async\" itemprop=\"image\" style=\"\" src=\"https:\/\/www.grupocomarea.com\/marina\/wp-content\/uploads\/2017\/08\/icon-1.png\" alt=\"a\"><\/div><h6 class=\"icon_title\" style=\"color: #878787;\">Paseo Mar\u00edtimo Alcalde Francisco V\u00e1zquez, 15002 A Coru\u00f1a<\/h6><\/div><p style=''><\/p><\/div><\/div><\/div><div class='q_icon_with_title tiny custom_icon_image left_from_title '><div class=\"icon_text_holder\" style=\"\"><div class=\"icon_text_inner\" style=\"\"><div class=\"icon_title_holder\"><div class=\"icon_holder \" style=\" \"><img decoding=\"async\" itemprop=\"image\" style=\"\" src=\"https:\/\/www.grupocomarea.com\/marina\/wp-content\/uploads\/2017\/08\/icon-2.png\" alt=\"k\"><\/div><h6 class=\"icon_title\" style=\"color: #878787;\">+34 662 23 02 57<\/h6><\/div><p style=''><\/p><\/div><\/div><\/div><div class='q_icon_with_title tiny custom_icon_image left_from_title '><div class=\"icon_text_holder\" style=\"\"><div class=\"icon_text_inner\" style=\"\"><div class=\"icon_title_holder\"><div class=\"icon_holder \" style=\" \"><img decoding=\"async\" itemprop=\"image\" style=\"\" src=\"https:\/\/www.grupocomarea.com\/marina\/wp-content\/uploads\/2017\/08\/icon-3.png\" alt=\"s\"><\/div><h6 class=\"icon_title\" style=\"color: #878787;\">info.comareamarina@gmail.com<\/h6><\/div><p style=''><\/p><\/div><\/div><\/div>[\/vc_column][\/vc_row]<\/p>\n<\/div>","protected":false},"excerpt":{"rendered":"<p>[vc_row row_type=\u00bbparallax\u00bb parallax_content_width=\u00bbin_grid\u00bb text_align=\u00bbcenter\u00bb full_screen_section_height=\u00bbno\u00bb background_image=\u00bb602&#8243; section_height=\u00bb568&#8243;][vc_column][qode_elements_holder number_of_columns=\u00bbone_column\u00bb][qode_elements_holder_item advanced_animations=\u00bbno\u00bb item_padding=\u00bb20% 0&#8243;][vc_column_text] Contacto [\/vc_column_text][\/qode_elements_holder_item][\/qode_elements_holder][\/vc_column][\/vc_row][vc_row css_animation=\u00bb\u00bb row_type=\u00bbrow\u00bb use_row_as_full_screen_section=\u00bbno\u00bb type=\u00bbgrid\u00bb angled_section=\u00bbno\u00bb text_align=\u00bbleft\u00bb background_image_as_pattern=\u00bbwithout_pattern\u00bb css=\u00bb.vc_custom_1539875206871{padding-top: 50px !important;padding-bottom: 46px !important;}\u00bb z_index=\u00bb\u00bb][vc_column css=\u00bb.vc_custom_1503052967812{padding-right: 3% !important;}\u00bb offset=\u00bbvc_col-lg-8 vc_col-md-8&#8243;][vc_empty_space height=\u00bb4px\u00bb][vc_gmaps link=\u00bb#E-8_JTNDaWZyYW1lJTIwc3JjJTNEJTIyaHR0cHMlM0ElMkYlMkZ3d3cuZ29vZ2xlLmNvbSUyRm1hcHMlMkZlbWJlZCUzRnBiJTNEJTIxMW0xOCUyMTFtMTIlMjExbTMlMjExZDI5MDAuMzYxNzcxOTI0NDM1MyUyMTJkLTguMzg5NTEzNTg0MDkzMzE1JTIxM2Q0My4zNjk0NTkwNzkxMzIwOSUyMTJtMyUyMTFmMCUyMTJmMCUyMTNmMCUyMTNtMiUyMTFpMTAyNCUyMTJpNzY4JTIxNGYxMy4xJTIxM20zJTIxMW0yJTIxMXMweGQyZTdiODJmNmM4YzgzMyUyNTNBMHg5MzUyMzViYzIwZTg5YjMxJTIxMnNDT01BUkVBJTJCbWFyaW5hJTIxNWUwJTIxM20yJTIxMXNlcyUyMTJzZXMlMjE0djE1Mzk4MTg1OTI3ODQlMjIlMjB3aWR0aCUzRCUyMjYwMCUyMiUyMGhlaWdodCUzRCUyMjQyNCUyMiUyMGZyYW1lYm9yZGVyJTNEJTIyMCUyMiUyMHN0eWxlJTNEJTIyYm9yZGVyJTNBMCUyMiUyMGFsbG93ZnVsbHNjcmVlbiUzRSUzQyUyRmlmcmFtZSUzRQ==\u00bb][vc_empty_space height=\u00bb57px\u00bb][\/vc_column][vc_column offset=\u00bbvc_col-lg-4 vc_col-md-4&#8243;][vc_column_text] Comarea Marina [\/vc_column_text][vc_empty_space height=\u00bb27px\u00bb][vc_column_text]Utilice las siguientes v\u00edas de contacto&#8230;<\/p>\n","protected":false},"author":1,"featured_media":0,"parent":0,"menu_order":0,"comment_status":"closed","ping_status":"closed","template":"full_width.php","meta":{"_acf_changed":false,"footnotes":""},"class_list":["post-115","page","type-page","status-publish","hentry"],"acf":[],"_links":{"self":[{"href":"https:\/\/www.grupocomarea.com\/marina\/wp-json\/wp\/v2\/pages\/115"}],"collection":[{"href":"https:\/\/www.grupocomarea.com\/marina\/wp-json\/wp\/v2\/pages"}],"about":[{"href":"https:\/\/www.grupocomarea.com\/marina\/wp-json\/wp\/v2\/types\/page"}],"author":[{"embeddable":true,"href":"https:\/\/www.grupocomarea.com\/marina\/wp-json\/wp\/v2\/users\/1"}],"replies":[{"embeddable":true,"href":"https:\/\/www.grupocomarea.com\/marina\/wp-json\/wp\/v2\/comments?post=115"}],"version-history":[{"count":22,"href":"https:\/\/www.grupocomarea.com\/marina\/wp-json\/wp\/v2\/pages\/115\/revisions"}],"predecessor-version":[{"id":804,"href":"https:\/\/www.grupocomarea.com\/marina\/wp-json\/wp\/v2\/pages\/115\/revisions\/804"}],"wp:attachment":[{"href":"https:\/\/www.grupocomarea.com\/marina\/wp-json\/wp\/v2\/media?parent=115"}],"curies":[{"name":"wp","href":"https:\/\/api.w.org\/{rel}","templated":true}]}}